te -10 + 1 + (-43 - -90) + -6.
32
Calculate 1 + -5 + 3 - (56 + (-35 - 0)).
-22
-27 + -17 + -20 + 40
-24
Evaluate 19 + (-8 - 6) - -1.
6
(10 - (5 - -6)) + -3
-4
Evaluate -10 + 33 - (23 + -4) - (-13 - 0).
17
-83 + 88 + 11 + -3
13
Evaluate -69 - -56 - (8 - 12).
-9
What is -1 - (3 + (29 + -23 - (10 - -1)))?
1
Evaluate -6 + 15 + (7 - (4 + 4) - -2).
10
What is (-36 + 70 - 28) + -4?
2
Calculate 25 - (0 + 14) - (1 + 13).
-3
Evaluate -14 - (-2 - 12 - (18 - 12)).
6
What is (-10 - -7 - -11) + (-6 - -7)?
9
0 - (1 + -6 - (-3 - 0))
2
Calculate 1 - 65 - (-1069 + 1040).
-35
What is the value of -3 + (9 + 0 - 2) + -9?
-5
What is -2 - (-10 + (-3 - -7) - (-3 + -2))?
-1
Calculate (2 - 14) + 29 + (-49 - -3).
-29
What is 5 + 0 + (-8 - 17 - -15)?
-5
What is 9 + -6 + (-3 - -1) - 4?
-3
Calculate (-14 - -3) + (8 + 11 - 11).
-3
1 - -11 - -1 - (228 - 221) - 23
-17
Evaluate (-2 - (-5 - (2 - 13) - 11)) + 3.
6
Evaluate 79 + -86 - (-3 + (4 - -2)).
-10
Calculate (-16 - -22 - (4 + -8)) + -24.
-14
What is -1 - (-16 - -23 - -10)?
-18
What is the value of 9 - (-12 + 10 - 9)?
20
What is the value of -25 + 10 + 4 + 4 + -7?
-14
Evaluate 16 - (-3 - (-8 - 10)).
1
Calculate 52 + (-25 - 20) - (-7 + 0).
14
What is (6 - (6 - 4)) + (-18 - -19)?
5
Evaluate 33 - (22 + (16 - 24)).
19
0 + (26 - (-11 + 1 + 7))
29
-12 + -7 + -10 - -18
-11
0 + 5 + (-9 - -1) - (-3 - -12)
-12
Calculate 2 - 5 - (0 - -5) - (-115 - -88).
19
-2 + 6 + -370 + 385
19
(-4 - 2) + (-667 - -687)
14
43 + (-2 - 27) + -15
-1
Calculate (12 - 13) + 12 - (-1 - -3).
9
Evaluate 10 - (6 + 9 + -6).
1
What is -5 - ((-8 - -2 - -7) + -2)?
-4
12 + -10 + -10 + -1
-9
What is the value of 3 - ((-3 - -6) + 0 + 2 + -6)?
4
Calculate -15 - (28 + -51) - (0 - -16).
-8
What is 3 + 1 - (-4 - -1) - 8?
-1
What is (19 - 14 - -8) + -15?
-2
What is the value of -15 - -16 - -22 - 11?
12
Evaluate -22 + 26 + -16 - (1 - -2).
-15
Calculate 19 - (9 - 8 - -13).
5
What is -13 + 0 + -15 + -13 + (35 - 15)?
-21
-12 + -1 + (9 - -24) - -4
24
Calculate 24 + 1 - (52 - (-1 - -45)).
17
What is 12 + -9 + 2 - ((-3 - -2) + -5)?
11
-5 - ((-38 - 13) + 18)
28
(1 - (-7 + 3)) + (-4 - -1) + 1
3
What is -2 - ((4 - -2) + -24 + 10 + 1)?
5
What is -25 - (-3 + 4) - -14 - -34?
22
What is the value of (-14 - (-2 - 0)) + 1 + 3 - -26?
18
Calculate (7 - 1) + 38 + (-11 - 21).
12
What is (-2 - -1) + (-14 - (0 + -22))?
7
What is 31 + (-20 - ((17 - 8) + -24))?
26
What is -27 + (16 - 19) - -14?
-16
Calculate 1 + 13 + 1 - (79 - (28 - -62)).
26
What is 5 - 4 - -1 - (-2 + (1 - -2))?
1
-3 - (-21 + 26 + -13) - (0 + -10)
15
Calculate -9 + 48 + -12 - (-1 - -9).
19
-7 - ((-13 - (6 - 12)) + -6) - -3
9
Calculate -15 + -7 + 0 + 15.
-7
Calculate 1 - 1 - (-13 + 9).
4
Evaluate 1 + -17 + (14 - (4 - -13)).
-19
What is 5 + (3 - 2) + (-5 - -7) + -1?
7
(2 - 19) + -20 - -18
-19
What is -6 + -9 + 8 + -3 + 9?
-1
What is (-4 + 7 - -6) + (9 - 12) - 45?
-39
(-4 - -1) + (-4 + 1 - (818 - 841))
17
(-7 - (-3 + -11 + 5 + -1)) + 17
20
Calculate -448 + 438 + (-4 - 0 - -6).
-8
What is (-9 + -5 + 11 - -15) + -5?
7
Evaluate -9 + 4 + (-3 - (-11 + -2) - -2).
7
Evaluate (0 - -8) + (-1 - 1) - (72 - 68).
2
Calculate (-4 + 5 - 5) + -8 + 1.
-11
What is the value of 1 - (-10 - (-1 - 10))?
0
18 + -3 - 23 - -5
-3
Calculate 3 - (-2 + (13 - 20)).
12
Calculate -7 - 0 - -4 - (-26 + 42 - 22).
3
-4 - (-7 + (13 - (7 + -7)) - -2)
-12
Evaluate (-3 - 9) + -11 - 5 - -13.
-15
(766 - 801) + 10 + (0 - 1) + -1
-27
48 + (-1 - (-1 - -9)) + 0 - 9
30
What is -175 + 189 + -17 + 1 - (-9 - -1)?
6
Calculate (-2 - -16) + -92 + 80.
2
What is the value of 101 + -107 + (0 - -9) - (6 - 1)?
-2
7 + 2 + -2 + (4 - (11 - 14))
14
5 - 13 - (-27 + 13 + 3) - -12
15
What is (18 - 16) + 0 - (-1 + 2 + 0)?
1
(41 - (25 - -32)) + 32
16
What is -4 + (-15 - -41 - -2)?
24
Evaluate 24 - (11 + (4 - (1 - -14))).
24
Evaluate 23 + (12 - 22) - (38 + 2).
-27
Calculate 3 + (-14 - -4) - (-4 - 13).
10
Calculate -26 + (35 - 18) + -8.
-17
1 + (15 - 8) + -13 - 6
-11
Calculate -1 + 5 + 14 + -27 + -9 - -7.
-11
Calculate (0 - 4 - (39 - 29)) + 7 + 3.
-4
Evaluate -20 + 40 + -4 - 2.
14
Calculate 8 - 21 - (-2 + 0).
-11
What is (4 - -12) + (-1 - 12)?
3
49 + -20 + -46 + (1 - -20)
4
(4 - ((0 - -9) + -12 + 11)) + 8
4
2 - (20 + -19 + 16)
-15
Calculate (25 - (81 - 27)) + 48.
19
Calculate 15 - (29 + -14) - (2 + 1) - -9.
6
Calculate -10 - (-5 + -6) - 13.
-12
Calculate 2 - 9 - (-6 + 2 - (-1 + 1)).
-3
What is the value of -66 + 62 + (0 - (1 + (-9 - -1)))?
3
-3 - (-37 + (-8 - (-7 - (-4 + 8))))
31
Evaluate (9 + -27 - 5) + 1 - -9.
-13
Evaluate 31 - (-13 + -12 + 29).
27
What is (0 - -24) + (-305 - -296)?
15
Calculate 5 + (7 - 14) - -10 - 13.
-5
What is -17 + 18 + 1 + -4 - (-21 - 0)?
19
What is the value of -39 - -1 - 1 - ((-27 - -77) + -59)?
-30
What is the value of (-89 - -88) + -8 + (-3 - -4) - -7?
-1
Calculate ((-3 - -19) + -22 - -11) + 3.
8
What is (10 - (11 + (-5 - 1))) + 1?
6
7 - (-2 - (3 - (-10 - 3)))
25
What is 10 + (-18 - -12) + -6?
-2
8 + (11 - (7 + 4)) + -7
1
Evaluate -22 + 2 + (198 - 181).
-3
What is the value of 2 - (20 + 6 + -9) - -9?
-6
What is -11 - 9 - (6 - 22 - -3)?
-7
Calculate -17 + 33 - 14 - (7 - -1).
-6
What is (-13 - 4) + 10 - (-1 - 9) - 3?
0
Evaluate (-8 + 1 - -1) + 4 - 0.
-2
Evaluate (4 - -12) + -14 + (22 - 3).
21
Evaluate -3 - -17 - (-6 - -14) - (0 - 5).
11
Evaluate (30 + -13 + -25 - -15) + -8.
-1
What is the value of 349 + -325 + (1 + -14 - -1)?
12
What is the value of 10 + (-11 - (-1 - -3))?
-3
1 + (-5 - (6 - (4 + 3))) + 18
15
What is the value of 24 + -14 + -5 - -8?
13
Calculate (8 - -1) + 46 + -36 + 2 + -2.
19
2 + -8 + -20 + 22 - -8
4
Evaluate 5 + -8 - (9 - -6 - 39).
21
22 - 0 - (1166 + -1168)
24
14 - 25 - (-6 + 13)
-18
What is the value of 18 + (2 - 31) + -20?
-31
14 + -2 + 0 + (-9 + 9 - 4)
8
Calculate -22 + (-18 - -34) - -18 - 50.
-38
Calculate 2 + -6 + (0 - (-8 - 0)) + 17.
21
Evaluate (-17 - -41) + 2 + -18.
8
Evaluate (-2 - (-1 + 3)) + (4 + 0 - 13).
-13
17 + -54 + 27 + 12
2
What is 15 + (6 - -4 - -3) + -15?
13
Evaluate -14 - (-17 - (11 + -20)).
-6
What is 2 + -2 - (8 + -10 - 7 - 0)?
9
Evaluate 15 + (-7 - (1 + 1)) + 7.
13
What is the value of (-43 - (31 - 45)) + 4 + 1 + 1?
-23
-402 - -401 - (0 + -16)
15
Calculate (5 - -4 - 4) + (-8 - -18 - 34).
-19
What is the value of 9 + -5 + (-27 - -40)?
17
Evaluate -8 + (-9 - (-7 - -5)) + 9.
-6
What is 1 - (-62 + 64 - (-2 - -3 - 3))?
-3
(-1 - 9) + (-9 - -15 - (1 + 6))
-11
Evaluate (0 - 5) + 2 + 11 + (-71 - -65).
2
What is -8 - (13 - (4 - -18))?
1
What is the value of 1 + -3 + 7 + 2 - (20 + 1)?
-14
Calculate -2 - 5 - (-22 - -14 - -16).
-15
Calculate 1 + (-3 - -1) - 16 - (-7130 + 7135).
-22
Calculate -8 + 2 + -2 + -333 + 323.
-18
Calculate -8 - -6 - (-33 - -17) - 10.
4
(2 - -1) + (1 + 15 - (-114 - -106))
27
What is (-2 - (-5 - 0 - -3)) + (-92 - -63)?
-29
Evaluate 11 - (-10 + (-8 - (-5 - -5) - -15)).
14
What is the value of 1 + 21 + 1 - (7 + (-88 - -82))?
22
What is the value of (-34 - -34) + -25 + (8 - -1)?
-16
What is (-8 - 0) + (12 - 30 - -23)?
-3
What is the value of -5 - (9 - (11 - 11)) - -10?
-4
(-23 - -21) + -6 + -10
-18
What is the value of 19 - (-1 - (-1 + (-3 - -5)))?
21
Evaluate (6 - (7 - 14 - -10)) + -10.
-7
5 - (1 + -11 - -5)
10
What is the value of (5 - (9 + -8) - -15) + -3?
16
Calculate -5 + (5 - 5) + 5 + -1 + 0.
-1
-20 - (20 + -15 - 30)
5
What is the value of (13 - (29 + -15)) + 3?
2
What is -4 + 4 + (3 - (-8 + 15 - 9))?
5
6 + -7 - 12 - (2 + 7 + -9)
-13
What is the value of 10 + 28 + -39 - -16?
15
Evaluate -1 + 9 + 157 + -195.
-30
What is the value of 12 + 11 + 16 + -9?
30
What is the value of -2 - (-5 + 23 + -15)?
-5
What is (-26 - -1) + (-81 - (-16 - 83))?
-7
What is 10 + (1 - 9) + -3 + -13 + 5?
-9
Evaluate 14 - -3 - (176 + -170).
11
Evaluate 12 + (2 - -4) + 8 + (-14 - -2).
14
Calculate 2 - (7 + (5 - 13 - -3) + -1).
1
Evaluate -14 - (-15 + 17 - 15).
-1
Calculate -25 + -5 + 13 - (-6 - 1).
-10
What is the value of (26 - (0 - -1)) + 4 + -36 + 25?
18
4 + -2 + (-4 + -8 - 4)
-14
What is 0 + -7 - (-25 + 28)?
-10
What is -17 - ((0 - (-5 + 4 + 6)) + 2)?
-14
Evaluate 4 - ((-8 - -5) + 13) - (4 + -28).
18
Evaluate -67 + 148 + -84 - (14 + (0 - -1)).
-18
What is the value of -24 + 25 - (1 - -3) - 21?
-24
What is (33 - 21) + -41 - -40?
11
55 + -47 - (3 - -15)
-10
-7 + ((15 - 8) + -3 - 26) - -11
-18
Evaluate -7 - (17 + -18 + (0 + 1 - 0)).
-7
What